591 is divided by 430.
301
Calculate the remainder when 30598 is divided by 102.
100
Calculate the remainder when 529 is divided by 242.
45
Calculate the remainder when 29387 is divided by 303.
299
What is the remainder when 1367 is divided by 324?
71
Calculate the remainder when 431698 is divided by 30.
28
What is the remainder when 206953 is divided by 1056?
1033
Calculate the remainder when 563543 is divided by 72.
71
What is the remainder when 1946 is divided by 625?
71
Calculate the remainder when 307249 is divided by 10.
9
Calculate the remainder when 4993 is divided by 82.
73
Calculate the remainder when 4115 is divided by 49.
48
Calculate the remainder when 21553 is divided by 10772.
9
Calculate the remainder when 891747 is divided by 207.
198
Calculate the remainder when 2517 is divided by 834.
15
Calculate the remainder when 16229 is divided by 918.
623
Calculate the remainder when 34956 is divided by 17469.
18
Calculate the remainder when 28312 is divided by 9408.
88
What is the remainder when 1235 is divided by 67?
29
Calculate the remainder when 33315 is divided by 20.
15
Calculate the remainder when 448092 is divided by 448085.
7
What is the remainder when 116030 is divided by 6?
2
Calculate the remainder when 328213 is divided by 82051.
9
What is the remainder when 189251 is divided by 35?
6
Calculate the remainder when 868183 is divided by 284.
279
Calculate the remainder when 1348 is divided by 706.
642
Calculate the remainder when 78183 is divided by 354.
303
Calculate the remainder when 1439 is divided by 1416.
23
Calculate the remainder when 3371 is divided by 245.
186
Calculate the remainder when 328 is divided by 73.
36
What is the remainder when 7236 is divided by 40?
36
Calculate the remainder when 87521 is divided by 248.
225
Calculate the remainder when 18717 is divided by 144.
141
Calculate the remainder when 2414 is divided by 212.
82
What is the remainder when 228466 is divided by 682?
678
Calculate the remainder when 144095 is divided by 53.
41
What is the remainder when 26124 is divided by 272?
12
What is the remainder when 5813 is divided by 253?
247
What is the remainder when 245514 is divided by 247?
243
What is the remainder when 12242 is divided by 3032?
114
Calculate the remainder when 123474 is divided by 588.
582
What is the remainder when 2169 is divided by 722?
3
Calculate the remainder when 5587 is divided by 193.
183
What is the remainder when 313217 is divided by 329?
9
Calculate the remainder when 468983 is divided by 335.
318
Calculate the remainder when 3494 is divided by 47.
16
What is the remainder when 1484 is divided by 270?
134
What is the remainder when 8674 is divided by 945?
169
Calculate the remainder when 2644 is divided by 468.
304
What is the remainder when 14242359 is divided by 114?
111
What is the remainder when 21915 is divided by 3643?
57
What is the remainder when 1156739 is divided by 60881?
0
What is the remainder when 1149 is divided by 232?
221
What is the remainder when 43984 is divided by 180?
64
Calculate the remainder when 16227 is divided by 2023.
43
What is the remainder when 2968 is divided by 105?
28
What is the remainder when 4160 is divided by 511?
72
What is the remainder when 4341 is divided by 552?
477
What is the remainder when 1486 is divided by 103?
44
What is the remainder when 2669 is divided by 54?
23
What is the remainder when 1583 is divided by 250?
83
What is the remainder when 1486854 is divided by 12288?
6
What is the remainder when 11452 is divided by 5?
2
What is the remainder when 6827 is divided by 214?
193
Calculate the remainder when 21416 is divided by 80.
56
Calculate the remainder when 157087 is divided by 1689.
10
What is the remainder when 52919 is divided by 84?
83
Calculate the remainder when 106302 is divided by 2471.
49
What is the remainder when 717 is divided by 246?
225
Calculate the remainder when 88317 is divided by 120.
117
What is the remainder when 377615 is divided by 1234?
11
What is the remainder when 124528 is divided by 163?
159
Calculate the remainder when 4057 is divided by 820.
777
What is the remainder when 6229 is divided by 66?
25
Calculate the remainder when 15692 is divided by 38.
36
What is the remainder when 1690 is divided by 58?
8
What is the remainder when 793763 is divided by 158752?
3
What is the remainder when 464602 is divided by 28?
26
What is the remainder when 944 is divided by 98?
62
What is the remainder when 145189 is divided by 92?
13
What is the remainder when 13130 is divided by 398?
394
What is the remainder when 1289 is divided by 23?
1
Calculate the remainder when 705429 is divided by 228.
225
What is the remainder when 17794 is divided by 26?
10
What is the remainder when 29412 is divided by 920?
892
What is the remainder when 122709 is divided by 416?
405
Calculate the remainder when 5634 is divided by 374.
24
Calculate the remainder when 505597 is divided by 400.
397
Calculate the remainder when 2872624 is divided by 1225.
1224
What is the remainder when 7240 is divided by 7206?
34
Calculate the remainder when 112377 is divided by 169.
161
What is the remainder when 123180 is divided by 794?
110
Calculate the remainder when 214739 is divided by 77.
63
Calculate the remainder when 3309 is divided by 1412.
485
What is the remainder when 6951 is divided by 250?
201
What is the remainder when 108885 is divided by 99?
84
What is the remainder when 5017 is divided by 5010?
7
What is the remainder when 3440 is divided by 10?
0
What is the remainder when 4464 is divided by 403?
31
What is the remainder when 3683 is divided by 1178?
149
Calculate the remainder when 355 is divided by 204.
151
What is the remainder when 4818 is divided by 789?
84
What is the remainder when 5227 is divided by 310?
267
Calculate the remainder when 1333 is divided by 482.
369
What is the remainder when 188753 is divided by 31457?
11
What is the remainder when 5946 is divided by 345?
81
What is the remainder when 594 is divided by 250?
94
Calculate the remainder when 9342 is divided by 3051.
189
Calculate the remainder when 1910 is divided by 196.
146
What is the remainder when 8180 is divided by 655?
320
Calculate the remainder when 15740 is divided by 5223.
71
Calculate the remainder when 5010 is divided by 994.
40
What is the remainder when 82448 is divided by 8?
0
What is the remainder when 7063 is divided by 215?
183
Calculate the remainder when 84522 is divided by 245.
242
What is the remainder when 56793 is divided by 19?
2
What is the remainder when 9980 is divided by 122?
98
What is the remainder when 75893 is divided by 25291?
20
Calculate the remainder when 16988 is divided by 1694.
48
What is the remainder when 3493467 is divided by 69?
66
What is the remainder when 7820 is divided by 224?
204
What is the remainder when 5870 is divided by 2909?
52
What is the remainder when 42477 is divided by 16?
13
What is the remainder when 3258 is divided by 1070?
48
Calculate the remainder when 111740 is divided by 111738.
2
Calculate the remainder when 5230 is divided by 125.
105
What is the remainder when 763254 is divided by 328?
326
Calculate the remainder when 30653 is divided by 108.
89
Calculate the remainder when 2438 is divided by 259.
107
Calculate the remainder when 22476 is divided by 2495.
21
What is the remainder when 162948 is divided by 27151?
42
Calculate the remainder when 292689 is divided by 97558.
15
Calculate the remainder when 515393 is divided by 274.
273
Calculate the remainder when 7204 is divided by 267.
262
What is the remainder when 23199 is divided by 68?
11
What is the remainder when 7460 is divided by 24?
20
What is the remainder when 337723 is divided by 45?
43
What is the remainder when 48786 is divided by 2216?
34
Calculate the remainder when 34859 is divided by 118.
49
What is the remainder when 64789 is divided by 69?
67
Calculate the remainder when 80037 is divided by 6149.
100
What is the remainder when 5955 is divided by 1969?
48
Calculate the remainder when 6459 is divided by 55.
24
What is the remainder when 18958 is divided by 3791?
3
Calculate the remainder when 62841 is divided by 65.
51
What is the remainder when 12521 is divided by 320?
41
Calculate the remainder when 3684 